5
In base 12, what is 2a5 + 14415?
146ba
In base 15, what is 2 + -1445ca?
-1445c8
In base 11, what is -118a6 - 527?
-12322
In base 12, what is 10aa - 37?
1073
In base 4, what is -1332222021 - -10?
-1332222011
In base 13, what is -49 - -7268a?
72641
In base 7, what is -431114205 - 1?
-431114206
In base 4, what is 111313 + 32133011?
32310330
In base 14, what is 0 + -236b7b?
-236b7b
In base 12, what is 142683 - -10?
142693
In base 10, what is -15 + 507623?
507608
In base 13, what is -18 + 409c5b?
409c43
In base 14, what is -17 - -90d32?
90d19
In base 16, what is -80e + 4e7?
-327
In base 16, what is 1b - 1c53d3?
-1c53b8
In base 7, what is -31 - -1155215?
1155154
In base 10, what is 225329 - -577?
225906
In base 2, what is 1101 - 11110011001111110000000011?
-11110011001111101111110110
In base 3, what is -10002002011 + -10?
-10002002021
In base 5, what is -10214300 - 21302?
-10241102
In base 2, what is -110110110101110 - 101111110?
-110111100101100
In base 5, what is 20341 + -4444?
10342
In base 6, what is -1434 + 4313301?
4311423
In base 10, what is 0 - 4233029?
-4233029
In base 16, what is -9a291d - 4e?
-9a296b
In base 3, what is 10 + 2020201000022110?
2020201000022120
In base 6, what is -410 - 13451014?
-13451424
In base 5, what is 14204023410 - -112?
14204024022
In base 3, what is 120 - -2000221211002120?
2000221211010010
In base 14, what is 1 - ac1246?
-ac1245
In base 11, what is 320 + -29509?
-29199
In base 10, what is -108364 - 119?
-108483
In base 16, what is 7bc - 132?
68a
In base 11, what is -109425 - 36?
-109460
In base 3, what is -1200021 + 2002001?
101210
In base 14, what is 5 + 487a5?
487aa
In base 3, what is -11121011 + 12220201200?
12202010112
In base 14, what is b5 - 28a3c?
-28967
In base 9, what is 181 + -337762?
-337571
In base 5, what is -122414013333 - -2?
-122414013331
In base 8, what is 3032174 + 56?
3032252
In base 9, what is -250006 - -200?
-248706
In base 2, what is 1000011010101 + 110110100011011?
111110111110000
In base 16, what is 9 - -108549?
108552
In base 7, what is 4 - -2405012?
2405016
In base 6, what is 104320113034 - 1?
104320113033
In base 11, what is 3 - 3294110?
-3294108
In base 3, what is 1001211002120 - 102?
1001211002011
In base 8, what is -141 - 1010633?
-1010774
In base 15, what is -2a9542 - -14?
-2a952d
In base 5, what is -4 - 141441444012?
-141441444021
In base 8, what is 2330470 - 16?
2330452
In base 5, what is -11 + -1023213304?
-1023213320
In base 2, what is 101010010101110000111 - 1001101?
101010010101100111010
In base 9, what is -867408811 + 1?
-867408810
In base 15, what is -24 + 67d8b?
67d67
In base 13, what is -5a - -1104c?
10cc2
In base 16, what is -23 + -71c0d?
-71c30
In base 10, what is 940725 - 1259?
939466
In base 5, what is -24242102 - 42?
-24242144
In base 12, what is 0 + -82312067?
-82312067
In base 2, what is -10001111111100100 - 11001010?
-10010000010101110
In base 13, what is c77 + -4097?
-3120
In base 2, what is -1101010 + -11001111000011010010?
-11001111000100111100
In base 7, what is 231136 + 10065?
241234
In base 7, what is 0 - -50351431?
50351431
In base 9, what is 2387330 + 60?
2387400
In base 16, what is -85 - e70d?
-e792
In base 11, what is -14 + 9664a06?
96649a2
In base 11, what is 4147 + -18362?
-14216
In base 7, what is -5 - -4306442?
4306434
In base 6, what is -10543114 - 100?
-10543214
In base 4, what is 233123 + 102230200?
103123323
In base 3, what is 20101022 - -212010011?
1002111110
In base 9, what is -286180 - 107?
-286287
In base 12, what is -551 + 183a?
12a9
In base 15, what is 4 - -3bc68da?
3bc68de
In base 10, what is -6206 + 119?
-6087
In base 13, what is -30070c1 - 1?
-30070c2
In base 15, what is -2e + -245d6b?
-245d9a
In base 16, what is 2dd - 1ebc4?
-1e8e7
In base 4, what is 23010022231 - 0?
23010022231
In base 15, what is -75802 - 5?
-75807
In base 7, what is 16343 + -543644?
-524301
In base 10, what is 19066194 + 12?
19066206
In base 2, what is -111111101001111 - 101100111?
-1000000010110110
In base 3, what is 2200120010121 + -2?
2200120010112
In base 2, what is 11110010100000 + 1100000?
11110100000000
In base 15, what is -1b3 - -4329?
4166
In base 10, what is -2279 - 140086?
-142365
In base 3, what is -12100221022 + -220101001?
-20021022100
In base 6, what is 130210231 - -5?
130210240
In base 2, what is 100011111011100 + 11110101010?
100111110000110
In base 13, what is -4 - -734bba?
734bb6
In base 5, what is -332100 + 22221?
-304324
In base 5, what is -2 + 102144210?
102144203
In base 7, what is -6 - 1244555435?
-1244555444
In base 2, what is 10000011101101101110100010 - 11?
10000011101101101110011111
In base 12, what is -392534 - 9?
-392541
In base 10, what is -23997058 + 5?
-23997053
In base 5, what is 2414 - -2114301?
2122220
In base 6, what is 43553202 - -4?
43553210
In base 7, what is -3222022 + -23?
-3222045
In base 2, what is -10110100001000010000 + -10000?
-10110100001000100000
In base 13, what is -184229 - 1ca?
-184426
In base 10, what is 88649 - -1695?
90344
In base 16, what is 1 - -3319d5f?
3319d60
In base 11, what is -7 + 240500?
2404a4
In base 4, what is 321031012122 + 11?
321031012133
In base 2, what is 101000000100000111 + 1100111?
101000000101101110
In base 12, what is -342a64a3 - -4?
-342a649b
In base 10, what is 854 + 69808?
70662
In base 5, what is 123 + -24131331?
-24131203
In base 7, what is -4 - -15635403?
15635366
In base 12, what is 4 - -19b6644?
19b6648
In base 7, what is 2 + 136045412?
136045414
In base 9, what is -13 - -12518338?
12518325
In base 10, what is 397 - -1307517?
1307914
In base 14, what is 2500bc + -1?
2500bb
In base 2, what is 1110010101 - 100101000000?
-10110101011
In base 16, what is 154f - -703?
1c52
In base 8, what is 267 + 4540530?
4541017
In base 2, what is -11100011001101 + -1100101011?
-11101111111000
In base 2, what is -10011011100111110 + -100010?
-10011011101100000
In base 14, what is b155670 + -7?
b155667
In base 14, what is -d - 583614?
-583623
In base 10, what is -32 - -2925109?
2925077
In base 16, what is 26 - -155db?
15601
In base 10, what is 4241 + -47927?
-43686
In base 13, what is 19c2639 - 4?
19c2635
In base 10, what is 4625348 - 3?
4625345
In base 8, what is -6447552446 + -4?
-6447552452
In base 9, what is 250 + -3707565?
-3707315
In base 13, what is -53 + -a0209?
-a025c
In base 15, what is 1492 + -1a3b?
-599
In base 9, what is -226 - 543568?
-543805
In base 5, what is -4144304 - 42010?
-4241314
In base 14, what is -371728 - 225?
-37194d
In base 6, what is 1205442 + 2143?
1212025
In base 14, what is 64d04bb - -1?
64d04bc
In base 12, what is -12762a1 - -8?
-1276295
In base 14, what is -1 + -24ab9b?
-24ab9c
In base 11, what is -34 - 142855a4?
-14285628
In base 8, what is 3316677 - -345?
3317244
In base 13, what is 1c95c6 + -30?
1c9596
In base 11, what is 748 - -a8777?
a9414
In base 6, what is 1252 + 105520144?
105521440
In base 10, what is 5668557 - -1?
5668558
In base 6, what is -1210014 + -13251?
-1223305
In base 5, what is 4 - -10020233211?
10020233220
In base 12, what is -200771 + -21?
-200792
In base 2, what is 11011110001000001001 + -1101101110?
11011101111010011011
In base 11, what is 1867438a7 + 0?
1867438a7
In base 15, what is -4bd37 + 96?
-4bc91
In base 14, what is 8 + -202a3a5?
-202a39b
In base 6, what is 14 - 300402545?
-300402531
In base 15, what is -381b + 3c6?
-3445
In base 3, what is 2021011 - 2122002?
-100221
In base 12, what is 8032b84 - -7?
8032b8b
In base 7, what is -10645631 - 51?
-10646012
In base 14, what is 5999365 - -1?
5999366
In base 11, what is -362 + 122335?
121a83
In base 4, what is -1 - 1003221003303?
-1003221003310
In base 5, what is 231203102 + -232?
231202320
In base 16, what is ac6eed + -4?
ac6ee9
In base 8, what is 32017 + -27?
31770
In base 6, what is -13 - 514335454?
-514335511
In base 7, what is -425403 + 425?
-424645
In base 8, what is 552516 - 22266?
530230
In base 16, what is 1b - -433c25?
433c40
In base 3, what is -11 - -11022012012220?
11022012012202
In base 8, what is -424 - -347471?
347045
In base 14, what is -5 + -690865?
-69086a
In base 15, what is a080c + -73?
a0789
In base 7, what is -3143603 + -520?
-3144423
In base 16, what is -2803 - -2248?
-5bb
In base 9, what is 7 + -11371564?
-11371556
In base 4, what is -232021300 - -3?
-232021231
In base 6